{"id":64,"date":"2026-05-08T10:58:37","date_gmt":"2026-05-08T10:58:37","guid":{"rendered":"https:\/\/mkahsap.com\/?page_id=64"},"modified":"2026-05-08T10:58:38","modified_gmt":"2026-05-08T10:58:38","slug":"hilton-banyo-mobilyasi","status":"publish","type":"page","link":"https:\/\/mkahsap.com\/index.php\/hilton-banyo-mobilyasi\/","title":{"rendered":"Hilton Banyo Mobilyas\u0131"},"content":{"rendered":"\n<p>Banyonuzda modern ve klasik tarzlara uyum sa\u011flayabilen l\u00fcks banyo mobilyalar\u0131, farkl\u0131 renk se\u00e7enekleriyle siz de\u011ferli m\u00fc\u015fterilemize sunuyoruz. Size uygun malzeme ve kaliteyi belirleyip istedi\u011finiz tasar\u0131mlar\u0131 \u00fcretiyoruz. Banyo dolaplar\u0131n\u0131zda \u015f\u0131kl\u0131\u011f\u0131, kaliteyi ve uygun fiyatlar\u0131m\u0131z\u0131 g\u00f6rmek isterseniz bize ula\u015fabilirsiniz.<\/p>\n\n\n\n<figure class=\"wp-block-image size-large\"><img loading=\"lazy\" decoding=\"async\" width=\"768\" height=\"1024\" src=\"https:\/\/mkahsap.com\/wp-content\/uploads\/2026\/05\/denizli-hilton-banyo-mobilya-9-768x1024.jpg\" alt=\"\" class=\"wp-image-65\" srcset=\"https:\/\/mkahsap.com\/wp-content\/uploads\/2026\/05\/denizli-hilton-banyo-mobilya-9-768x1024.jpg 768w, https:\/\/mkahsap.com\/wp-content\/uploads\/2026\/05\/denizli-hilton-banyo-mobilya-9-225x300.jpg 225w, https:\/\/mkahsap.com\/wp-content\/uploads\/2026\/05\/denizli-hilton-banyo-mobilya-9-600x800.jpg 600w, https:\/\/mkahsap.com\/wp-content\/uploads\/2026\/05\/denizli-hilton-banyo-mobilya-9.jpg 999w\" sizes=\"auto, (max-width: 768px) 100vw, 768px\" \/><\/figure>\n","protected":false},"excerpt":{"rendered":"<p>Banyonuzda modern ve klasik tarzlara uyum sa\u011flayabilen l\u00fcks banyo mobilyalar\u0131, farkl\u0131 renk se\u00e7enekleriyle siz de\u011ferli m\u00fc\u015fterilemize sunuyoruz. Size uygun malzeme ve kaliteyi belirleyip istedi\u011finiz tasar\u0131mlar\u0131 \u00fcretiyoruz. Banyo dolaplar\u0131n\u0131zda \u015f\u0131kl\u0131\u011f\u0131, kaliteyi ve uygun fiyatlar\u0131m\u0131z\u0131 g\u00f6rmek isterseniz bize ula\u015fabilirsiniz.<\/p>\n","protected":false},"author":1,"featured_media":0,"parent":0,"menu_order":0,"comment_status":"closed","ping_status":"closed","template":"","meta":{"footnotes":""},"class_list":["post-64","page","type-page","status-publish","hentry"],"_links":{"self":[{"href":"https:\/\/mkahsap.com\/index.php\/wp-json\/wp\/v2\/pages\/64","targetHints":{"allow":["GET"]}}],"collection":[{"href":"https:\/\/mkahsap.com\/index.php\/wp-json\/wp\/v2\/pages"}],"about":[{"href":"https:\/\/mkahsap.com\/index.php\/wp-json\/wp\/v2\/types\/page"}],"author":[{"embeddable":true,"href":"https:\/\/mkahsap.com\/index.php\/wp-json\/wp\/v2\/users\/1"}],"replies":[{"embeddable":true,"href":"https:\/\/mkahsap.com\/index.php\/wp-json\/wp\/v2\/comments?post=64"}],"version-history":[{"count":1,"href":"https:\/\/mkahsap.com\/index.php\/wp-json\/wp\/v2\/pages\/64\/revisions"}],"predecessor-version":[{"id":66,"href":"https:\/\/mkahsap.com\/index.php\/wp-json\/wp\/v2\/pages\/64\/revisions\/66"}],"wp:attachment":[{"href":"https:\/\/mkahsap.com\/index.php\/wp-json\/wp\/v2\/media?parent=64"}],"curies":[{"name":"wp","href":"https:\/\/api.w.org\/{rel}","templated":true}]}}